{"id":25,"date":"2024-10-09T22:33:16","date_gmt":"2024-10-09T20:33:16","guid":{"rendered":"https:\/\/www.hjertedame.no\/?post_type=product&#038;p=25"},"modified":"2024-10-09T22:36:12","modified_gmt":"2024-10-09T20:36:12","slug":"hjertejenta","status":"publish","type":"product","link":"https:\/\/www.hjertedame.no\/?product=hjertejenta","title":{"rendered":"Hjertejenta"},"content":{"rendered":"<p style=\"text-align: left;\">Kofta er egentlig en restegarnskofte, strikket i flere garnvarianter. Oppskriften i m\u00f8nsteret er laget med garnet Mini Alpakka fra Sandnesgarn. Men du kan bruke annet garn som tilsvarer strikkefastheten.<br \/>\nTilbakemelding fra dem som har strikket den, er at den er enkel \u00e5 strikke. Motiverende \u00e5 strikke striper fordi du hele tiden f\u00f8ler at det g\u00e5r fremover.<\/p>\n","protected":false},"excerpt":{"rendered":"<p>Hjertedamekofta i barnest\u00f8rrelsene 6 &#8211; 12 \u00e5r<\/p>\n","protected":false},"featured_media":27,"comment_status":"open","ping_status":"closed","template":"","meta":[],"product_brand":[],"product_cat":[19],"product_tag":[],"class_list":{"0":"post-25","1":"product","2":"type-product","3":"status-publish","4":"has-post-thumbnail","6":"product_cat-kofte","8":"first","9":"instock","10":"downloadable","11":"virtual","12":"taxable","13":"purchasable","14":"product-type-simple"},"_links":{"self":[{"href":"https:\/\/www.hjertedame.no\/index.php?rest_route=\/wp\/v2\/product\/25","targetHints":{"allow":["GET"]}}],"collection":[{"href":"https:\/\/www.hjertedame.no\/index.php?rest_route=\/wp\/v2\/product"}],"about":[{"href":"https:\/\/www.hjertedame.no\/index.php?rest_route=\/wp\/v2\/types\/product"}],"replies":[{"embeddable":true,"href":"https:\/\/www.hjertedame.no\/index.php?rest_route=%2Fwp%2Fv2%2Fcomments&post=25"}],"wp:featuredmedia":[{"embeddable":true,"href":"https:\/\/www.hjertedame.no\/index.php?rest_route=\/wp\/v2\/media\/27"}],"wp:attachment":[{"href":"https:\/\/www.hjertedame.no\/index.php?rest_route=%2Fwp%2Fv2%2Fmedia&parent=25"}],"wp:term":[{"taxonomy":"product_brand","embeddable":true,"href":"https:\/\/www.hjertedame.no\/index.php?rest_route=%2Fwp%2Fv2%2Fproduct_brand&post=25"},{"taxonomy":"product_cat","embeddable":true,"href":"https:\/\/www.hjertedame.no\/index.php?rest_route=%2Fwp%2Fv2%2Fproduct_cat&post=25"},{"taxonomy":"product_tag","embeddable":true,"href":"https:\/\/www.hjertedame.no\/index.php?rest_route=%2Fwp%2Fv2%2Fproduct_tag&post=25"}],"curies":[{"name":"wp","href":"https:\/\/api.w.org\/{rel}","templated":true}]}}