{"id":49,"date":"2024-10-09T23:22:22","date_gmt":"2024-10-09T21:22:22","guid":{"rendered":"https:\/\/www.hjertedame.no\/?post_type=product&#038;p=49"},"modified":"2024-10-10T11:21:56","modified_gmt":"2024-10-10T09:21:56","slug":"venninnevotten","status":"publish","type":"product","link":"https:\/\/www.hjertedame.no\/?product=venninnevotten","title":{"rendered":"Venninnevotten"},"content":{"rendered":"<p>Kan strikkes i mange garnvarianter og utallige fargekombinasjoner.<\/p>\n<p>Hjertevotter kan lages i mange varianter. Dette er et m\u00f8nster som er lett \u00e5 strikke. S\u00e5 lettstrikket at ogs\u00e5 nybegynnere kan klare det.<\/p>\n","protected":false},"excerpt":{"rendered":"<p>Enkelt vottem\u00f8nster &#8211; perfekt venninnegave!<\/p>\n","protected":false},"featured_media":48,"comment_status":"open","ping_status":"closed","template":"","meta":[],"product_brand":[],"product_cat":[17],"product_tag":[],"class_list":{"0":"post-49","1":"product","2":"type-product","3":"status-publish","4":"has-post-thumbnail","6":"product_cat-votter","8":"first","9":"instock","10":"downloadable","11":"virtual","12":"purchasable","13":"product-type-simple"},"_links":{"self":[{"href":"https:\/\/www.hjertedame.no\/index.php?rest_route=\/wp\/v2\/product\/49","targetHints":{"allow":["GET"]}}],"collection":[{"href":"https:\/\/www.hjertedame.no\/index.php?rest_route=\/wp\/v2\/product"}],"about":[{"href":"https:\/\/www.hjertedame.no\/index.php?rest_route=\/wp\/v2\/types\/product"}],"replies":[{"embeddable":true,"href":"https:\/\/www.hjertedame.no\/index.php?rest_route=%2Fwp%2Fv2%2Fcomments&post=49"}],"wp:featuredmedia":[{"embeddable":true,"href":"https:\/\/www.hjertedame.no\/index.php?rest_route=\/wp\/v2\/media\/48"}],"wp:attachment":[{"href":"https:\/\/www.hjertedame.no\/index.php?rest_route=%2Fwp%2Fv2%2Fmedia&parent=49"}],"wp:term":[{"taxonomy":"product_brand","embeddable":true,"href":"https:\/\/www.hjertedame.no\/index.php?rest_route=%2Fwp%2Fv2%2Fproduct_brand&post=49"},{"taxonomy":"product_cat","embeddable":true,"href":"https:\/\/www.hjertedame.no\/index.php?rest_route=%2Fwp%2Fv2%2Fproduct_cat&post=49"},{"taxonomy":"product_tag","embeddable":true,"href":"https:\/\/www.hjertedame.no\/index.php?rest_route=%2Fwp%2Fv2%2Fproduct_tag&post=49"}],"curies":[{"name":"wp","href":"https:\/\/api.w.org\/{rel}","templated":true}]}}